emainder when 484534 is divided by 1594?
1552
What is the remainder when 56035191 is divided by 23?
15
What is the remainder when 1695073 is divided by 1095?
13
Calculate the remainder when 9141910 is divided by 9926.
64
Calculate the remainder when 312474 is divided by 129.
36
What is the remainder when 7861723 is divided by 62?
61
Calculate the remainder when 94141 is divided by 1903.
894
Calculate the remainder when 1336004 is divided by 33.
32
Calculate the remainder when 17068 is divided by 15441.
1627
What is the remainder when 2526972 is divided by 136?
92
What is the remainder when 3131243 is divided by 237?
236
What is the remainder when 2394393 is divided by 184184?
1
What is the remainder when 2271369 is divided by 1746?
1569
What is the remainder when 2450404 is divided by 154?
110
What is the remainder when 1331024 is divided by 79?
32
Calculate the remainder when 310284 is divided by 184.
60
What is the remainder when 1710276 is divided by 2154?
0
Calculate the remainder when 87648 is divided by 3358.
340
What is the remainder when 7907873 is divided by 3953933?
7
Calculate the remainder when 15884275 is divided by 200.
75
What is the remainder when 54490268 is divided by 17?
15
Calculate the remainder when 4394006 is divided by 547.
502
What is the remainder when 2144075 is divided by 20227?
13
Calculate the remainder when 28883 is divided by 233.
224
What is the remainder when 244245 is divided by 139?
22
Calculate the remainder when 143944308 is divided by 18145.
23
What is the remainder when 713704 is divided by 619?
616
Calculate the remainder when 21169429 is divided by 278545.
9
What is the remainder when 426351 is divided by 1017?
228
What is the remainder when 25942160 is divided by 1853011?
6
Calculate the remainder when 219910 is divided by 81.
76
Calculate the remainder when 958909 is divided by 342.
283
What is the remainder when 152848 is divided by 220?
168
Calculate the remainder when 591864 is divided by 197276.
36
What is the remainder when 1788442 is divided by 12427?
11381
What is the remainder when 10185289 is divided by 565849?
7
Calculate the remainder when 2128162 is divided by 494.
10
Calculate the remainder when 72088892 is divided by 723.
8
Calculate the remainder when 582927 is divided by 582833.
94
What is the remainder when 188729996 is divided by 97?
6
Calculate the remainder when 38455958 is divided by 983.
15
Calculate the remainder when 2107861 is divided by 1459.
1065
What is the remainder when 368125629 is divided by 96?
93
Calculate the remainder when 103541 is divided by 2.
1
What is the remainder when 1304987 is divided by 532?
523
What is the remainder when 657407566 is divided by 219135847?
25
Calculate the remainder when 30622 is divided by 7441.
858
What is the remainder when 2686465 is divided by 335800?
65
What is the remainder when 261627 is divided by 1677?
15
What is the remainder when 61358114 is divided by 15072?
2
What is the remainder when 25078 is divided by 2302?
2058
Calculate the remainder when 73831147 is divided by 63.
61
Calculate the remainder when 16670945 is divided by 435.
5
What is the remainder when 420607 is divided by 6656?
1279
Calculate the remainder when 111245 is divided by 6947.
93
What is the remainder when 2413590 is divided by 147?
144
Calculate the remainder when 2530299 is divided by 2206.
17
What is the remainder when 495056 is divided by 61882?
0
Calculate the remainder when 41535 is divided by 1685.
1095
What is the remainder when 608479 is divided by 3423?
2608
Calculate the remainder when 45980 is divided by 8.
4
Calculate the remainder when 6899801 is divided by 129.
107
Calculate the remainder when 265231 is divided by 349.
340
Calculate the remainder when 1368947 is divided by 114077.
23
Calculate the remainder when 887657 is divided by 862.
659
Calculate the remainder when 22644675 is divided by 52662.
15
What is the remainder when 54171835 is divided by 33?
25
What is the remainder when 25307 is divided by 12546?
215
What is the remainder when 219415 is divided by 19518?
4717
Calculate the remainder when 3448794 is divided by 33.
30
What is the remainder when 91664 is divided by 90770?
894
Calculate the remainder when 3725531 is divided by 64233.
17
Calculate the remainder when 1850671 is divided by 463.
60
Calculate the remainder when 289619 is divided by 96444.
287
What is the remainder when 31650 is divided by 6166?
820
What is the remainder when 446948 is divided by 499?
343
Calculate the remainder when 93660 is divided by 1076.
48
Calculate the remainder when 92685 is divided by 346.
303
Calculate the remainder when 1174747 is divided by 195589.
1213
What is the remainder when 2767392 is divided by 1659?
180
What is the remainder when 31278504 is divided by 211341?
36
What is the remainder when 813438 is divided by 271125?
63
Calculate the remainder when 480176 is divided by 3355.
411
What is the remainder when 9768445 is divided by 261?
259
Calculate the remainder when 197459 is divided by 234.
197
What is the remainder when 2310333 is divided by 740?
53
Calculate the remainder when 604626 is divided by 708.
702
Calculate the remainder when 3353205 is divided by 176484.
9
What is the remainder when 127424 is divided by 6384?
6128
Calculate the remainder when 153019728 is divided by 758.
752
Calculate the remainder when 907074 is divided by 1535.
1424
Calculate the remainder when 1569698 is divided by 608.
450
Calculate the remainder when 31617027 is divided by 4684.
27
Calculate the remainder when 3662291 is divided by 169.
61
Calculate the remainder when 80512 is divided by 7319.
3
Calculate the remainder when 282695086 is divided by 78.
76
Calculate the remainder when 23849878 is divided by 120.
118
Calculate the remainder when 18991936 is divided by 4747980.
16
Calculate the remainder when 117037996 is divided by 11.
9
What is the remainder when 5925684 is divided by 1857?
1854
What is the remainder when 64958619 is divided by 44?
11
Calculate the remainder when 9788427 is divided by 16396.
15
Calculate the remainder when 53823 is divided by 13353.
411
What is the remainder when 6855 is divided by 2447?
1961
What is the remainder when 12102178 is divided by 2005?
2003
What is the remainder when 26056636 is divided by 38?
36
Calculate the remainder when 427370 is divided by 710.
660
What is the remainder when 4284814 is divided by 354?
352
Calculate the remainder when 181400 is divided by 796.
708
What is the remainder when 1677115 is divided by 559011?
82
What is the remainder when 36615324 is divided by 45?
39
Calculate the remainder when 34954 is divided by 9.
7
What is the remainder when 3009195 is divided by 90?
45
What is the remainder when 286187 is divided by 286130?
57
Calculate the remainder when 408785 is divided by 2477.
80
Calculate the remainder when 915823 is divided by 526.
57
What is the remainder when 108225392 is divided by 309?
305
What is the remainder when 90443 is divided by 1227?
872
What is the remainder when 1370543 is divided by 228422?
11
Calculate the remainder when 909309216 is divided by 9737.
9734
What is the remainder when 4634373 is divided by 185362?
323
What is the remainder when 432401002 is divided by 5?
2
Calculate the remainder when 12040886 is divided by 355.
351
Calculate the remainder when 533758 is divided by 20512.
446
Calculate the remainder when 68572 is divided by 17059.
336
Calculate the remainder when 66574 is divided by 15416.
4910
What is the remainder when 9873 is divided by 9786?
87
Calculate the remainder when 32954 is divided by 32951.
3
Calculate the remainder when 33464 is divided by 2961.
893
Calculate the remainder when 84252 is divided by 7577.
905
Calculate the remainder when 417745968 is divided by 4581.
4578
Calculate the remainder when 34491871 is divided by 168.
127
Calculate the remainder when 182905 is divided by 257.
178
What is the remainder when 291445 is divided by 41635?
0
What is the remainder when 9073537 is divided by 39622?
99
What is the remainder when 2793550 is divided by 11787?
31
Calculate the remainder when 30967829 is divided by 7671.
2
What is the remainder when 26605484 is divided by 336?
332
What is the remainder when 160441 is divided by 10?
1
C